+ 7, -4*m = 0. Let c be (-1934)/2*(18 + -33)/5. Suppose -c = -f*p - 377. Is p prime?
True
Let u be (-1)/(5/15) + (-1 - 5755). Let f = 2058 - u. Is f a prime number?
True
Suppose 7 = 5*r + 27, -2*r = -3*n + 9350. Suppose -2*l = 192 - n. Suppose -3*p + l + 102 = 0. Is p composite?
False
Let b(z) = -12*z - 7. Let n = 59 + -41. Suppose 0 = -s + 2, -4*o - 3*s - n = -2*s. Is b(o) composite?
False
Suppose -69 = -4*u - l, 0 = -l + 3 + 2. Suppose 7*g - 11*g + u = 0. Is 12575/35 + g/(-14) a prime number?
True
Let r = -141 + 96. Suppose 47*a - 44*a - 213 = 0. Let w = r + a. Is w prime?
False
Let m = 82156 - 23745. Is m a prime number?
True
Let z = -1705 - -2535. Let s be (z/3)/(2*(-3)/36). Is -4 + 3 - s/(4/2) a composite number?
False
Let j be (-5)/(-10)*(8962 - 6). Let m = 10815 - j. Is m prime?
True
Let p = -118 + 104. Let j = 34 + p. Suppose j = -5*i, 0*u - 5*i + 2406 = 2*u. Is u a prime number?
True
Suppose -30299022 = -1014*g + 852*g. Is g composite?
True
Let b(a) = -43*a - 1. Let i be b(1). Let l = i - -53. Is 2/(1*6/l) composite?
False
Let v = 76235 + -54450. Is v composite?
True
Let x(t) = 3*t - 63. Let n be x(22). Suppose -65343 = -n*o + 22026. Is o prime?
True
Suppose -27 = 2*j + 3*j - d, 18 = -4*j - d. Let p(l) = -l**2 - 5*l - 3. Let f be p(j). Is (231/6)/(f/(-6)) composite?
True
Suppose 4*i + 25 = -i, 1285 = 5*j - 4*i. Let n = j - -330. Is n a prime number?
False
Let n = 44452 + -15723. Is n composite?
False
Let p = -9 + 9. Suppose -2*q + p*q - 12210 = -4*r, r - 2*q - 3057 = 0. Suppose -l = 5*w - 0*l - r, -3*l + 599 = w. Is w a prime number?
False
Let t = -280 + 278. Is 1/t*-2*18959 a composite number?
False
Is (-110546)/(-5) - ((-1276)/(-55) - 23) a prime number?
True
Let n = 140748 + -87221. Is n a composite number?
False
Let f = 137 - 199. Let d = f + 65. Is 839*(-2 + d) - 0 prime?
True
Suppose 932 + 5433 = 5*z. Is z a composite number?
True
Suppose -y - 10 = c - 16, -20 = -5*y. Suppose -9*l + 10*l = 2*m + 32089, 0 = 5*l + c*m - 160409. Is l a composite number?
False
Let f = 105 - 96. Suppose 0 = 10*o - f*o - 3. Suppose -o*j = -2*j - 1043. Is j a prime number?
False
Let c(n) = 72*n**2 + n + 16. Is c(13) a prime number?
True
Suppose 3*o + 3*a = 13493 + 15811, -9773 = -o - 2*a. Is o prime?
False
Suppose -21*c + 5297577 = -4439004 + 3736062. Is c prime?
False
Is (-2 - -1)/(104/(-5315336)) prime?
True
Let z = 26 + -22. Suppose z*a + 19 = 1147. Suppose 8*u - 2*u = a. Is u prime?
True
Suppose 2*i - 2 = -0. Let s = 547 - 547. Is 594/11 + (s - i) prime?
True
Suppose 23*m = 37*m - 56. Is ((-238732)/(-39))/(m/6) prime?
False
Let c = 1932 + -942. Suppose -3*m = -3*i - c, m - 3*m - 3*i = -665. Is m composite?
False
Let f(t) = 2099*t**2 - 18*t - 760. Is f(-11) composite?
False
Suppose -262744 - 16561 = -2*x + o, 4*x = -3*o + 558595. Is x composite?
True
Let l be 1 + 61/(-3)*-3. Let i be 1 + l*(-115)/(-10). Let q = -463 + i. Is q composite?
False
Suppose -4*w + 4 = -0, 3*r = -2*w + 377. Suppose 120*s = r*s - 68725. Is s a prime number?
False
Let n(m) = m**3 - 2*m + 157. Let x(d) = 2*d**3 + 2*d**2 + 2*d. Let u be x(-1). Let g = -2 - u. Is n(g) a composite number?
False
Let s be (0 - 2)/2 + -13 + 32. Suppose s*d - 7 = -25. Is (d + 0)*(-2)/(-4)*-8098 a prime number?
True
Let q(h) = 14*h**2 - 23*h - 139. Let v be 3/(42/(-172)) - 246/(-861). Is q(v) prime?
True
Suppose -4*z = -3*z - 2. Suppose -6176 = -2*n - z*x, 12*n - 13*n = -3*x - 3092. Is n a prime number?
True
Suppose 0 = 2*l + 4*q - 849158, 1958526 - 260200 = 4*l - 2*q. Suppose 2*d - 2*f - 141536 = 0, 6*d + 0*d + 3*f = l. Is d a prime number?
False
Suppose 13*d + 239128 = 14*d + 3*a, 4*a - 478250 = -2*d. Is d a composite number?
False
Let d = 3417 - 573. Let t = -997 + d. Is t composite?
False
Suppose -5*v + c + 421568 = 0, c - 44305 = -v + 40005. Is v composite?
False
Let u(s) = -287*s + 58 - 58. Let i be u(-6). Suppose -4*l = -i - 1082. Is l a prime number?
True
Is 2/(-9) + (1/18)/((-3)/(-34599594)) a prime number?
True
Suppose 4*o = -2*k - k + 26, 3*k - 24 = -3*o. Suppose 0*g - k = -3*g. Suppose p - 3*j = 863, j = -p - g*p + 2549. Is p a composite number?
True
Let a = 635507 + -86250. Is a prime?
True
Suppose -163774 = -2*z + 3*h, -5*h + 8*h = 4*z - 327560. Is z a prime number?
False
Suppose -452*j - 70*j + 13500655 = -140295683. Is j a composite number?
False
Let q(j) = j**2 - 2*j + 3. Let s be q(1). Suppose -12088 = -4*a - 4*o, -3*a - 3*o + 15104 = s*a. Is a a prime number?
True
Let o(n) = n**2 + 4*n - 11. Let s be o(-7). Suppose z - s*z + 3591 = 0. Let a = 738 - z. Is a prime?
False
Suppose -5*f + 0*f = 0, 2*l - f = 66. Suppose -l*r = -11*r - 123706. Is r prime?
True
Suppose 51921 = -15*v + 173308 + 259028. Is v a prime number?
False
Suppose 7*m - 40 = -3*m. Suppose m*l = -3*d + 4, d = -d - 2*l + 2. Suppose 2*o - 5*g - 123 = d, o + g - 3*g = 63. Is o prime?
False
Let c(t) = 102*t**2 + 41*t - 73825 + 73854 - 11*t**2. Is c(-10) composite?
False
Is 330498 - -1 - 16*(-280)/448 prime?
True
Is (-196742 - 197)*(0 - 1) a prime number?
False
Let y = 22 + -21. Is (3596 - 1)/1 + 0/y a prime number?
False
Let j = 12914 + -5243. Is j a composite number?
True
Suppose h - 7198 = -3*v, 3*h - 17192 = -3*v + 4378. Suppose -3*i - r = -i - h, 4*i - r = 14372. Is i composite?
False
Suppose i - 4*h + 30 = 3*i, -4*h = 3*i - 39. Suppose -i*v = -15227 + 3680. Is v a composite number?
False
Let z(j) = -6088*j + 7. Let d be ((-4)/6)/(30/180). Is z(d) a composite number?
False
Suppose 5*g + k - 218283 = 77158, -4*g + 3*k + 236368 = 0. Is g a prime number?
False
Let z(u) = 11778*u + 1363. Is z(5) a composite number?
True
Let w be -5 - -1*(6 - 3). Let j(g) be the first derivative of 9*g**3 + 3*g**2/2 + g + 4. Is j(w) a composite number?
False
Let q(m) = -1 - 102*m + 0 - 18. Suppose -19*s = 105 + 47. Is q(s) composite?
False
Let x = 228660 - -141013. Is x a prime number?
True
Suppose 0 = 3*j + 4*t - 0*t - 5, 3*t + 5 = -4*j. Is 78/(-130) + (-30338)/j composite?
False
Let v be (-5)/(30/4)*3/(-1). Suppose 0 = v*a + 4, -z = a - 12871. Suppose 2*n - 3245 = z. Is n a composite number?
False
Let f(j) = -113450*j - 4743. Is f(-4) composite?
True
Let q(z) = -z + 9. Let u be q(-5). Let h be -2 + u/35 + (-14776)/(-10). Let y = h - 1029. Is y a composite number?
True
Let g(q) = -4*q**3 + 2*q - 1. Let j = -134 + 126. Let p be g(j). Is (p*(-5)/75)/((-1)/5) composite?
False
Suppose -5*r - 2*a = -5 - 11, 5*a = r - 14. Suppose -9*k + 5 = -r*k. Is 1/k + 1 + (-5028)/(-4) composite?
False
Suppose 34243032 - 15792877 = 166*d - 26089139. Is d prime?
False
Let o(p) = 8*p**3 + p**2 + 12*p - 35. Let d(m) = -4*m**3 - 5*m + 16. Let r(x) = 9*d(x) + 4*o(x). Let z = 3 - 6. Is r(z) prime?
True
Let z be (32/24)/(2/9). Suppose -z*p = -2*p, -3*p - 3 = -n. Suppose j - 2*g - g = 646, 15 = -n*g. Is j a composite number?
False
Suppose 2 = 6*g - 10. Suppose -9*t - g*x = -13*t + 3788, -2*x = 2*t - 1906. Is t a prime number?
False
Let m(h) = -73093*h**3 - 55*h - 113. Is m(-2) prime?
False
Let w(s) = s**3 + 12*s + 36293. Is w(0) a composite number?
False
Suppose -9122237 = -3*l + 4*w, 15*l - 4*w = 11*l + 12162972. Is l composite?
True
Let k(l) = -816*l + 461. Is k(-38) prime?
True
Let j be ((-5)/(20/149944))/(-6 - -4). Let g = j - 10089. Is g prime?
False
Suppose 62 - 3718 = -4*f. Suppose -3*p - 4556 = 5*q - 6*p, 2*p = q + f. Let m = q + 1483. Is m composite?
True
Suppose 4*u + 5*t = 60222, -17*t + 6 = -14*t. Is u composite?
False
Let y(o) = -572*o**3 + 2*o**2 - 6*o. Let l be y(2). Let r = l - -7617. Is r a composite number?
False
Let s = 191920 - -2867047. Is s prime?
False
Let o = -4797 + 16858. Let m = 25924 - o. Is m a prime number?
False
Let n(j) = 32*j**3 - 5*j**2 - 15*j - 22. Let l be n(-5). Let u = l - -6651. Is u a composite number?
False
Suppose -468*n + 85379 = y - 470*n, -3*y = 4*n - 256047. Is y prime?
True
Let i = -552731 + 1257714. Is i composite?
False
Suppose -13*o = -18*o + 70. Suppose -3*b = -10*b + o. Suppose 3*r - 2282 = -2*n - b*r, 4*r = -16. Is n a composite number?
False
Suppose 19*t - 22*t = -3*x + 303792, -5*t = -15. Is x prime?
True
Suppose -6762 = -2*m + 3850. Let d = -3723 + m. Is d prime?
True
Suppose 0 = 25*g - 75*g - 33*g + 18172103. Is g a composite number?
False
Let w(a) = -5097*a + 324. Let o be w(-38). Is 33/77 + o/21 a prime n